CREATE TABLE leerling (
  ll_nr MEDIUMINT NOT NULL,
  achternaam varchar(255) NOT NULL,
  voornaam varchar(255) NOT NULL,
  woonplaats varchar(50) NOT NULL,
  geboorte_datum DATE NOT NULL,
  klas_nr SMALLINT default NULL,
  PRIMARY KEY (`ll_nr`)
);

INSERT INTO leerling
(ll_nr,achternaam,voornaam,woonplaats,geboorte_datum,klas_nr) VALUES
('2345','Lindsey','Eden','Independence','1995-01-18','17');
INSERT INTO leerling
(ll_nr,achternaam,voornaam,woonplaats,geboorte_datum,klas_nr) VALUES
('2346','Martin','Juliet','Methuen','1996-04-10','19');
INSERT INTO leerling
(ll_nr,achternaam,voornaam,woonplaats,geboorte_datum,klas_nr) VALUES
('2347','Holman','Odysseus','Rancho Cucamonga','1992-12-01','19');
INSERT INTO leerling
(ll_nr,achternaam,voornaam,woonplaats,geboorte_datum,klas_nr) VALUES
('2348','Dawson','Barbara','South El Monte','1992-02-12','28');
INSERT INTO leerling
(ll_nr,achternaam,voornaam,woonplaats,geboorte_datum,klas_nr) VALUES
('2349','Huffman','Catherine','College Park','1995-04-23','26');
INSERT INTO leerling
(ll_nr,achternaam,voornaam,woonplaats,geboorte_datum,klas_nr) VALUES
('2350','Fry','Illana','Jackson','1994-02-18','1');
INSERT INTO leerling
(ll_nr,achternaam,voornaam,woonplaats,geboorte_datum,klas_nr) VALUES
('2351','Hayden','Theodore','Fontana','1994-02-17','6');
INSERT INTO leerling
(ll_nr,achternaam,voornaam,woonplaats,geboorte_datum,klas_nr) VALUES
('2352','Edwards','Shoshana','Yonkers','1996-11-09','24');
INSERT INTO leerling
(ll_nr,achternaam,voornaam,woonplaats,geboorte_datum,klas_nr) VALUES
('2353','Cardenas','Hilel','Grand Forks','1993-03-02','22');
INSERT INTO leerling
(ll_nr,achternaam,voornaam,woonplaats,geboorte_datum,klas_nr) VALUES
('2354','Trevino','Teagan','Fullerton','1995-04-22','11');
INSERT INTO leerling
(ll_nr,achternaam,voornaam,woonplaats,geboorte_datum,klas_nr) VALUES
('2355','Middleton','Anastasia','West Jordan','1992-06-08','26');
INSERT INTO leerling
(ll_nr,achternaam,voornaam,woonplaats,geboorte_datum,klas_nr) VALUES
('2356','Campos','Ria','Saginaw','1995-03-28','18');
INSERT INTO leerling
(ll_nr,achternaam,voornaam,woonplaats,geboorte_datum,klas_nr) VALUES
('2357','William','Willow','Juneau','1993-05-01','9');
INSERT INTO leerling
(ll_nr,achternaam,voornaam,woonplaats,geboorte_datum,klas_nr) VALUES
('2358','Hancock','Sigourney','Fond du Lac','1996-04-29','24');
INSERT INTO leerling
(ll_nr,achternaam,voornaam,woonplaats,geboorte_datum,klas_nr) VALUES
('2359','Rice','Lilah','West Covina','1993-05-30','1');
INSERT INTO leerling
(ll_nr,achternaam,voornaam,woonplaats,geboorte_datum,klas_nr) VALUES
('2360','Huffman','Wallace','Sharon','1994-07-30','18');
INSERT INTO leerling
(ll_nr,achternaam,voornaam,woonplaats,geboorte_datum,klas_nr) VALUES
('2361','Gonzales','Castor','Fort Wayne','1992-07-11','8');
INSERT INTO leerling
(ll_nr,achternaam,voornaam,woonplaats,geboorte_datum,klas_nr) VALUES
('2362','Blackwell','Madeson','Muskogee','1992-03-28','21');
INSERT INTO leerling
(ll_nr,achternaam,voornaam,woonplaats,geboorte_datum,klas_nr) VALUES
('2363','Norman','Kirk','Meriden','1995-05-14','25');
INSERT INTO leerling
(ll_nr,achternaam,voornaam,woonplaats,geboorte_datum,klas_nr) VALUES
('2364','Graham','Florence','Hutchinson','1992-06-14','10');
INSERT INTO leerling
(ll_nr,achternaam,voornaam,woonplaats,geboorte_datum,klas_nr) VALUES
('2365','Ferguson','Seth','New York','1993-01-13','20');
INSERT INTO leerling
(ll_nr,achternaam,voornaam,woonplaats,geboorte_datum,klas_nr) VALUES
('2366','Park','Unity','Kemmerer','1992-07-22','14');
INSERT INTO leerling
(ll_nr,achternaam,voornaam,woonplaats,geboorte_datum,klas_nr) VALUES
('2367','Lara','Heidi','Lebanon','1992-11-29','30');
INSERT INTO leerling
(ll_nr,achternaam,voornaam,woonplaats,geboorte_datum,klas_nr) VALUES
('2368','Gilmore','Ferris','Moline','1992-04-26','21');
INSERT INTO leerling
(ll_nr,achternaam,voornaam,woonplaats,geboorte_datum,klas_nr) VALUES
('2369','Kelley','Sybil','Webster Groves','1994-03-26','17');
INSERT INTO leerling
(ll_nr,achternaam,voornaam,woonplaats,geboorte_datum,klas_nr) VALUES
('2370','Kirk','Kibo','El Segundo','1992-10-29','6');
INSERT INTO leerling
(ll_nr,achternaam,voornaam,woonplaats,geboorte_datum,klas_nr) VALUES
('2371','Briggs','Rowan','Yakima','1993-04-07','14');
INSERT INTO leerling
(ll_nr,achternaam,voornaam,woonplaats,geboorte_datum,klas_nr) VALUES
('2372','Carey','Hedy','San Fernando','1992-09-13','13');
INSERT INTO leerling
(ll_nr,achternaam,voornaam,woonplaats,geboorte_datum,klas_nr) VALUES
('2373','Dickson','Hope','Biloxi','1996-02-04','29');
INSERT INTO leerling
(ll_nr,achternaam,voornaam,woonplaats,geboorte_datum,klas_nr) VALUES
('2374','Gay','Kelly','Hutchinson','1992-12-23','26');
INSERT INTO leerling
(ll_nr,achternaam,voornaam,woonplaats,geboorte_datum,klas_nr) VALUES
('2375','Wade','Tatum','Shelton','1994-08-14','9');
INSERT INTO leerling
(ll_nr,achternaam,voornaam,woonplaats,geboorte_datum,klas_nr) VALUES
('2376','Dalton','Hilel','Wheaton','1992-01-29','22');
INSERT INTO leerling
(ll_nr,achternaam,voornaam,woonplaats,geboorte_datum,klas_nr) VALUES
('2377','Fields','Tyler','Eugene','1993-08-02','24');
INSERT INTO leerling
(ll_nr,achternaam,voornaam,woonplaats,geboorte_datum,klas_nr) VALUES
('2378','Hurst','Kessie','Westminster','1996-11-07','17');
INSERT INTO leerling
(ll_nr,achternaam,voornaam,woonplaats,geboorte_datum,klas_nr) VALUES
('2379','Green','Willa','Anchorage','1993-06-13','16');
INSERT INTO leerling
(ll_nr,achternaam,voornaam,woonplaats,geboorte_datum,klas_nr) VALUES
('2380','Good','Rogan','Vincennes','1992-10-31','18');
INSERT INTO leerling
(ll_nr,achternaam,voornaam,woonplaats,geboorte_datum,klas_nr) VALUES
('2381','Davenport','Ainsley','Mankato','1995-04-15','17');
INSERT INTO leerling
(ll_nr,achternaam,voornaam,woonplaats,geboorte_datum,klas_nr) VALUES
('2382','Lyons','Vincent','Idaho Springs','1996-01-19','15');
INSERT INTO leerling
(ll_nr,achternaam,voornaam,woonplaats,geboorte_datum,klas_nr) VALUES
('2383','Shepard','Dante','Rockford','1996-11-01','2');
INSERT INTO leerling
(ll_nr,achternaam,voornaam,woonplaats,geboorte_datum,klas_nr) VALUES
('2384','Morin','Olga','Rutland','1995-11-12','28');
INSERT INTO leerling
(ll_nr,achternaam,voornaam,woonplaats,geboorte_datum,klas_nr) VALUES
('2385','Moran','Amery','Port St. Lucie','1994-01-17','4');
INSERT INTO leerling
(ll_nr,achternaam,voornaam,woonplaats,geboorte_datum,klas_nr) VALUES
('2386','Mcdaniel','Mona','Oro Valley','1994-05-15','29');
INSERT INTO leerling
(ll_nr,achternaam,voornaam,woonplaats,geboorte_datum,klas_nr) VALUES
('2387','Moon','Naomi','Kingston','1993-03-19','30');
INSERT INTO leerling
(ll_nr,achternaam,voornaam,woonplaats,geboorte_datum,klas_nr) VALUES
('2388','Kinney','Harper','Montebello','1992-10-15','22');
INSERT INTO leerling
(ll_nr,achternaam,voornaam,woonplaats,geboorte_datum,klas_nr) VALUES
('2389','Haynes','Blythe','Everett','1995-04-19','29');
INSERT INTO leerling
(ll_nr,achternaam,voornaam,woonplaats,geboorte_datum,klas_nr) VALUES
('2390','Battle','Naomi','Juneau','1995-01-29','27');
INSERT INTO leerling
(ll_nr,achternaam,voornaam,woonplaats,geboorte_datum,klas_nr) VALUES
('2391','Vincent','Chiquita','Wausau','1995-11-12','18');
INSERT INTO leerling
(ll_nr,achternaam,voornaam,woonplaats,geboorte_datum,klas_nr) VALUES
('2392','Vargas','Nora','Livonia','1996-02-08','17');
INSERT INTO leerling
(ll_nr,achternaam,voornaam,woonplaats,geboorte_datum,klas_nr) VALUES
('2393','Rice','Colton','Orange','1996-01-13','11');
INSERT INTO leerling
(ll_nr,achternaam,voornaam,woonplaats,geboorte_datum,klas_nr) VALUES
('2394','Thornton','Fredericka','Fort Dodge','1996-04-18','17');
INSERT INTO leerling
(ll_nr,achternaam,voornaam,woonplaats,geboorte_datum,klas_nr) VALUES
('2395','Ashley','Porter','Malden','1994-07-30','16');
INSERT INTO leerling
(ll_nr,achternaam,voornaam,woonplaats,geboorte_datum,klas_nr) VALUES
('2396','Cantu','Bertha','Dunkirk','1994-07-20','17');
INSERT INTO leerling
(ll_nr,achternaam,voornaam,woonplaats,geboorte_datum,klas_nr) VALUES
('2397','Cross','Keane','Liberal','1991-12-17','8');
INSERT INTO leerling
(ll_nr,achternaam,voornaam,woonplaats,geboorte_datum,klas_nr) VALUES
('2398','Curry','Vera','Chandler','1993-12-24','5');
INSERT INTO leerling
(ll_nr,achternaam,voornaam,woonplaats,geboorte_datum,klas_nr) VALUES
('2399','Byrd','Belle','Portsmouth','1993-07-12','2');
INSERT INTO leerling
(ll_nr,achternaam,voornaam,woonplaats,geboorte_datum,klas_nr) VALUES
('2400','Sandoval','Cooper','Natchitoches','1992-11-26','18');
INSERT INTO leerling
(ll_nr,achternaam,voornaam,woonplaats,geboorte_datum,klas_nr) VALUES
('2401','Hooper','Donna','Vincennes','1995-08-01','11');
INSERT INTO leerling
(ll_nr,achternaam,voornaam,woonplaats,geboorte_datum,klas_nr) VALUES
('2402','Mckenzie','Dale','Superior','1995-06-27','19');
INSERT INTO leerling
(ll_nr,achternaam,voornaam,woonplaats,geboorte_datum,klas_nr) VALUES
('2403','Workman','Heidi','Cedar City','1994-12-19','4');
INSERT INTO leerling
(ll_nr,achternaam,voornaam,woonplaats,geboorte_datum,klas_nr) VALUES
('2404','Kidd','Hayden','Palm Springs','1995-07-21','22');
INSERT INTO leerling
(ll_nr,achternaam,voornaam,woonplaats,geboorte_datum,klas_nr) VALUES
('2405','Valencia','Cassidy','Wilkes-Barre','1994-08-09','4');
INSERT INTO leerling
(ll_nr,achternaam,voornaam,woonplaats,geboorte_datum,klas_nr) VALUES
('2406','Brooks','Brian','Eufaula','1995-10-31','7');
INSERT INTO leerling
(ll_nr,achternaam,voornaam,woonplaats,geboorte_datum,klas_nr) VALUES
('2407','Daniels','Zeus','Everett','1994-03-24','2');
INSERT INTO leerling
(ll_nr,achternaam,voornaam,woonplaats,geboorte_datum,klas_nr) VALUES
('2408','Curtis','Tamara','New Albany','1993-09-01','20');
INSERT INTO leerling
(ll_nr,achternaam,voornaam,woonplaats,geboorte_datum,klas_nr) VALUES
('2409','Cervantes','Kenyon','Youngstown','1995-08-03','23');
INSERT INTO leerling
(ll_nr,achternaam,voornaam,woonplaats,geboorte_datum,klas_nr) VALUES
('2410','Rios','Stacy','Hermosa Beach','1994-06-23','23');
INSERT INTO leerling
(ll_nr,achternaam,voornaam,woonplaats,geboorte_datum,klas_nr) VALUES
('2411','Emerson','Keane','Toledo','1994-03-18','23');
INSERT INTO leerling
(ll_nr,achternaam,voornaam,woonplaats,geboorte_datum,klas_nr) VALUES
('2412','Valencia','Lana','Lakewood','1995-08-26','25');
INSERT INTO leerling
(ll_nr,achternaam,voornaam,woonplaats,geboorte_datum,klas_nr) VALUES
('2413','Prince','Jack','West Sacramento','1994-06-07','26');
INSERT INTO leerling
(ll_nr,achternaam,voornaam,woonplaats,geboorte_datum,klas_nr) VALUES
('2414','Mayer','Dana','Berkeley','1993-08-08','24');
INSERT INTO leerling
(ll_nr,achternaam,voornaam,woonplaats,geboorte_datum,klas_nr) VALUES
('2415','Dejesus','Graham','Shelton','1996-09-07','14');
INSERT INTO leerling
(ll_nr,achternaam,voornaam,woonplaats,geboorte_datum,klas_nr) VALUES
('2416','Douglas','Isaac','Branson','1996-04-03','13');
INSERT INTO leerling
(ll_nr,achternaam,voornaam,woonplaats,geboorte_datum,klas_nr) VALUES
('2417','Witt','Bertha','Citrus Heights','1995-09-03','23');
INSERT INTO leerling
(ll_nr,achternaam,voornaam,woonplaats,geboorte_datum,klas_nr) VALUES
('2418','Wilkerson','Kirestin','Lynchburg','1995-04-18','8');
INSERT INTO leerling
(ll_nr,achternaam,voornaam,woonplaats,geboorte_datum,klas_nr) VALUES
('2419','Blevins','Hoyt','Agoura Hills','1994-03-05','30');
INSERT INTO leerling
(ll_nr,achternaam,voornaam,woonplaats,geboorte_datum,klas_nr) VALUES
('2420','Wolfe','Jillian','Sedalia','1996-10-03','22');
INSERT INTO leerling
(ll_nr,achternaam,voornaam,woonplaats,geboorte_datum,klas_nr) VALUES
('2421','Wall','Randall','Missoula','1996-10-18','16');
INSERT INTO leerling
(ll_nr,achternaam,voornaam,woonplaats,geboorte_datum,klas_nr) VALUES
('2422','Arnold','Maryam','Fort Smith','1996-05-02','8');
INSERT INTO leerling
(ll_nr,achternaam,voornaam,woonplaats,geboorte_datum,klas_nr) VALUES
('2423','Alston','Brynn','Pine Bluff','1995-01-16','8');
INSERT INTO leerling
(ll_nr,achternaam,voornaam,woonplaats,geboorte_datum,klas_nr) VALUES
('2424','Mayo','Rina','Oxford','1995-07-09','17');
INSERT INTO leerling
(ll_nr,achternaam,voornaam,woonplaats,geboorte_datum,klas_nr) VALUES
('2425','Trujillo','Serina','Frederiksted','1993-02-25','27');
INSERT INTO leerling
(ll_nr,achternaam,voornaam,woonplaats,geboorte_datum,klas_nr) VALUES
('2426','Hartman','Sandra','Buena Park','1995-11-24','15');
INSERT INTO leerling
(ll_nr,achternaam,voornaam,woonplaats,geboorte_datum,klas_nr) VALUES
('2427','Dominguez','Brian','LaGrange','1994-01-23','7');
INSERT INTO leerling
(ll_nr,achternaam,voornaam,woonplaats,geboorte_datum,klas_nr) VALUES
('2428','Mcleod','Elliott','West Covina','1994-07-21','17');
INSERT INTO leerling
(ll_nr,achternaam,voornaam,woonplaats,geboorte_datum,klas_nr) VALUES
('2429','Blackwell','Kato','Azusa','1993-03-25','3');
INSERT INTO leerling
(ll_nr,achternaam,voornaam,woonplaats,geboorte_datum,klas_nr) VALUES
('2430','Clarke','Ginger','Grand Forks','1994-09-06','6');
INSERT INTO leerling
(ll_nr,achternaam,voornaam,woonplaats,geboorte_datum,klas_nr) VALUES
('2431','Keller','Amelia','Kent','1991-12-10','3');
INSERT INTO leerling
(ll_nr,achternaam,voornaam,woonplaats,geboorte_datum,klas_nr) VALUES
('2432','Slater','Brennan','Newcastle','1992-08-27','23');
INSERT INTO leerling
(ll_nr,achternaam,voornaam,woonplaats,geboorte_datum,klas_nr) VALUES
('2433','Whitehead','Vincent','North Charleston','1993-10-21','11');
INSERT INTO leerling
(ll_nr,achternaam,voornaam,woonplaats,geboorte_datum,klas_nr) VALUES
('2434','Riggs','Plato','Sierra Vista','1995-11-04','1');
INSERT INTO leerling
(ll_nr,achternaam,voornaam,woonplaats,geboorte_datum,klas_nr) VALUES
('2435','Strong','Erich','DuBois','1995-07-07','15');
INSERT INTO leerling
(ll_nr,achternaam,voornaam,woonplaats,geboorte_datum,klas_nr) VALUES
('2436','Mcguire','Cheyenne','Arcadia','1993-08-17','21');
INSERT INTO leerling
(ll_nr,achternaam,voornaam,woonplaats,geboorte_datum,klas_nr) VALUES
('2437','Perez','Aurora','Rome','1993-04-01','27');
INSERT INTO leerling
(ll_nr,achternaam,voornaam,woonplaats,geboorte_datum,klas_nr) VALUES
('2438','Holloway','Blossom','Berlin','1995-07-26','28');
INSERT INTO leerling
(ll_nr,achternaam,voornaam,woonplaats,geboorte_datum,klas_nr) VALUES
('2439','Casey','Keely','Yonkers','1993-10-10','1');
INSERT INTO leerling
(ll_nr,achternaam,voornaam,woonplaats,geboorte_datum,klas_nr) VALUES
('2440','Mueller','Macaulay','Rosemead','1993-05-04','19');
INSERT INTO leerling
(ll_nr,achternaam,voornaam,woonplaats,geboorte_datum,klas_nr) VALUES
('2441','Maldonado','Hilel','Williston','1993-11-27','10');
INSERT INTO leerling
(ll_nr,achternaam,voornaam,woonplaats,geboorte_datum,klas_nr) VALUES
('2442','Chan','Robin','Goose Creek','1996-02-07','2');
INSERT INTO leerling
(ll_nr,achternaam,voornaam,woonplaats,geboorte_datum,klas_nr) VALUES
('2443','Buckner','Lee','Manitowoc','1994-12-01','22');
INSERT INTO leerling
(ll_nr,achternaam,voornaam,woonplaats,geboorte_datum,klas_nr) VALUES
('2444','Roberson','Kyla','Henderson','1995-09-22','15');
INSERT INTO leerling
(ll_nr,achternaam,voornaam,woonplaats,geboorte_datum,klas_nr) VALUES
('2445','Moore','Caldwell','Hilo','1994-04-20','3');
INSERT INTO leerling
(ll_nr,achternaam,voornaam,woonplaats,geboorte_datum,klas_nr) VALUES
('2446','Duncan','Jayme','Yukon','1995-03-02','13');
INSERT INTO leerling
(ll_nr,achternaam,voornaam,woonplaats,geboorte_datum,klas_nr) VALUES
('2447','Abbott','Zelenia','Irving','1993-06-10','20');
INSERT INTO leerling
(ll_nr,achternaam,voornaam,woonplaats,geboorte_datum,klas_nr) VALUES
('2448','Mcmillan','Chantale','Elko','1994-09-26','5');
INSERT INTO leerling
(ll_nr,achternaam,voornaam,woonplaats,geboorte_datum,klas_nr) VALUES
('2449','Mccoy','Darrel','Lewiston','1993-08-16','23');
INSERT INTO leerling
(ll_nr,achternaam,voornaam,woonplaats,geboorte_datum,klas_nr) VALUES
('2450','Beasley','Scarlett','San Francisco','1992-07-11','6');
INSERT INTO leerling
(ll_nr,achternaam,voornaam,woonplaats,geboorte_datum,klas_nr) VALUES
('2451','Hicks','Finn','Taunton','1995-03-24','6');
INSERT INTO leerling
(ll_nr,achternaam,voornaam,woonplaats,geboorte_datum,klas_nr) VALUES
('2452','Strickland','Desiree','Peru','1992-02-27','16');
INSERT INTO leerling
(ll_nr,achternaam,voornaam,woonplaats,geboorte_datum,klas_nr) VALUES
('2453','Hendrix','Axel','Mount Pleasant','1996-04-25','20');
INSERT INTO leerling
(ll_nr,achternaam,voornaam,woonplaats,geboorte_datum,klas_nr) VALUES
('2454','Macias','Leo','Belpre','1994-04-26','17');
INSERT INTO leerling
(ll_nr,achternaam,voornaam,woonplaats,geboorte_datum,klas_nr) VALUES
('2455','Mccall','Jordan','Cranston','1994-02-23','6');
INSERT INTO leerling
(ll_nr,achternaam,voornaam,woonplaats,geboorte_datum,klas_nr) VALUES
('2456','Norton','Jennifer','Greensburg','1993-12-22','8');
INSERT INTO leerling
(ll_nr,achternaam,voornaam,woonplaats,geboorte_datum,klas_nr) VALUES
('2457','Peters','Sharon','Albuquerque','1992-03-02','24');
INSERT INTO leerling
(ll_nr,achternaam,voornaam,woonplaats,geboorte_datum,klas_nr) VALUES
('2458','Oneal','Rhonda','Wausau','1996-05-06','4');
INSERT INTO leerling
(ll_nr,achternaam,voornaam,woonplaats,geboorte_datum,klas_nr) VALUES
('2459','Burns','Salvador','Fort Wayne','1994-01-19','1');
INSERT INTO leerling
(ll_nr,achternaam,voornaam,woonplaats,geboorte_datum,klas_nr) VALUES
('2460','Boyd','Abbot','Macomb','1996-11-17','15');
INSERT INTO leerling
(ll_nr,achternaam,voornaam,woonplaats,geboorte_datum,klas_nr) VALUES
('2461','Booth','Boris','Chico','1992-05-11','20');
INSERT INTO leerling
(ll_nr,achternaam,voornaam,woonplaats,geboorte_datum,klas_nr) VALUES
('2462','Park','Dante','Concord','1993-06-25','9');
INSERT INTO leerling
(ll_nr,achternaam,voornaam,woonplaats,geboorte_datum,klas_nr) VALUES
('2463','Porter','Hermione','LaGrange','1994-10-28','13');
INSERT INTO leerling
(ll_nr,achternaam,voornaam,woonplaats,geboorte_datum,klas_nr) VALUES
('2464','Stewart','Rylee','Oxford','1994-12-07','18');
INSERT INTO leerling
(ll_nr,achternaam,voornaam,woonplaats,geboorte_datum,klas_nr) VALUES
('2465','Nolan','Morgan','Hattiesburg','1995-11-02','11');
INSERT INTO leerling
(ll_nr,achternaam,voornaam,woonplaats,geboorte_datum,klas_nr) VALUES
('2466','Joyner','Ferris','Laconia','1994-07-22','19');
INSERT INTO leerling
(ll_nr,achternaam,voornaam,woonplaats,geboorte_datum,klas_nr) VALUES
('2467','Carpenter','Quynn','Needham','1996-09-10','8');
INSERT INTO leerling
(ll_nr,achternaam,voornaam,woonplaats,geboorte_datum,klas_nr) VALUES
('2468','Rivera','Britanni','Rancho Palos Verdes','1993-11-24','26');
INSERT INTO leerling
(ll_nr,achternaam,voornaam,woonplaats,geboorte_datum,klas_nr) VALUES
('2469','Dillard','Tatiana','Little Falls','1993-05-19','29');
INSERT INTO leerling
(ll_nr,achternaam,voornaam,woonplaats,geboorte_datum,klas_nr) VALUES
('2470','Campos','Nathan','Deadwood','1994-03-11','27');
INSERT INTO leerling
(ll_nr,achternaam,voornaam,woonplaats,geboorte_datum,klas_nr) VALUES
('2471','Bradley','Natalie','Everett','1992-02-17','30');
INSERT INTO leerling
(ll_nr,achternaam,voornaam,woonplaats,geboorte_datum,klas_nr) VALUES
('2472','Landry','Whilemina','Minneapolis','1996-10-09','6');
INSERT INTO leerling
(ll_nr,achternaam,voornaam,woonplaats,geboorte_datum,klas_nr) VALUES
('2473','Moody','Vivian','Mentor','1993-03-18','4');
INSERT INTO leerling
(ll_nr,achternaam,voornaam,woonplaats,geboorte_datum,klas_nr) VALUES
('2474','Durham','Aileen','Provo','1993-04-22','13');
INSERT INTO leerling
(ll_nr,achternaam,voornaam,woonplaats,geboorte_datum,klas_nr) VALUES
('2475','Rollins','Fulton','North Tonawanda','1995-03-20','17');
INSERT INTO leerling
(ll_nr,achternaam,voornaam,woonplaats,geboorte_datum,klas_nr) VALUES
('2476','Hurst','Hanae','Jamestown','1993-06-26','22');
INSERT INTO leerling
(ll_nr,achternaam,voornaam,woonplaats,geboorte_datum,klas_nr) VALUES
('2477','Farmer','Uriah','Northampton','1994-07-07','13');
INSERT INTO leerling
(ll_nr,achternaam,voornaam,woonplaats,geboorte_datum,klas_nr) VALUES
('2478','Melton','Sopoline','Falls Church','1994-03-16','22');
INSERT INTO leerling
(ll_nr,achternaam,voornaam,woonplaats,geboorte_datum,klas_nr) VALUES
('2479','Manning','Laith','Parkersburg','1996-04-12','3');
INSERT INTO leerling
(ll_nr,achternaam,voornaam,woonplaats,geboorte_datum,klas_nr) VALUES
('2480','Larsen','Davis','Elizabeth City','1996-08-09','5');
INSERT INTO leerling
(ll_nr,achternaam,voornaam,woonplaats,geboorte_datum,klas_nr) VALUES
('2481','Collins','Ross','Eugene','1993-05-30','14');
INSERT INTO leerling
(ll_nr,achternaam,voornaam,woonplaats,geboorte_datum,klas_nr) VALUES
('2482','Shaffer','Abel','St. Marys','1993-10-25','19');
INSERT INTO leerling
(ll_nr,achternaam,voornaam,woonplaats,geboorte_datum,klas_nr) VALUES
('2483','Gilbert','Julie','Colorado Springs','1992-10-27','25');
INSERT INTO leerling
(ll_nr,achternaam,voornaam,woonplaats,geboorte_datum,klas_nr) VALUES
('2484','Strong','Lucius','Lock Haven','1996-10-06','5');
INSERT INTO leerling
(ll_nr,achternaam,voornaam,woonplaats,geboorte_datum,klas_nr) VALUES
('2485','Levine','Callie','Monroe','1996-01-26','5');
INSERT INTO leerling
(ll_nr,achternaam,voornaam,woonplaats,geboorte_datum,klas_nr) VALUES
('2486','Anthony','Sloane','St. Petersburg','1996-11-26','18');
INSERT INTO leerling
(ll_nr,achternaam,voornaam,woonplaats,geboorte_datum,klas_nr) VALUES
('2487','Holland','Kennedy','Oklahoma City','1993-12-03','29');
INSERT INTO leerling
(ll_nr,achternaam,voornaam,woonplaats,geboorte_datum,klas_nr) VALUES
('2488','Rodriquez','Upton','Broken Arrow','1995-06-05','30');
INSERT INTO leerling
(ll_nr,achternaam,voornaam,woonplaats,geboorte_datum,klas_nr) VALUES
('2489','Pratt','Hayes','Jeannette','1996-06-25','18');
INSERT INTO leerling
(ll_nr,achternaam,voornaam,woonplaats,geboorte_datum,klas_nr) VALUES
('2490','Harris','Echo','Concord','1995-08-02','22');
INSERT INTO leerling
(ll_nr,achternaam,voornaam,woonplaats,geboorte_datum,klas_nr) VALUES
('2491','Rodriguez','Hammett','Manitowoc','1993-03-09','21');
INSERT INTO leerling
(ll_nr,achternaam,voornaam,woonplaats,geboorte_datum,klas_nr) VALUES
('2492','Woods','Alisa','Sharon','1994-09-20','16');
INSERT INTO leerling
(ll_nr,achternaam,voornaam,woonplaats,geboorte_datum,klas_nr) VALUES
('2493','Cochran','Hilda','Oswego','1996-02-10','7');
INSERT INTO leerling
(ll_nr,achternaam,voornaam,woonplaats,geboorte_datum,klas_nr) VALUES
('2494','Emerson','Keaton','Salem','1995-12-19','22');
INSERT INTO leerling
(ll_nr,achternaam,voornaam,woonplaats,geboorte_datum,klas_nr) VALUES
('2495','Berg','Inga','Oklahoma City','1992-11-05','26');
INSERT INTO leerling
(ll_nr,achternaam,voornaam,woonplaats,geboorte_datum,klas_nr) VALUES
('2496','Grant','Quincy','Shawnee','1993-06-12','3');
INSERT INTO leerling
(ll_nr,achternaam,voornaam,woonplaats,geboorte_datum,klas_nr) VALUES
('2497','Castaneda','Declan','Orlando','1994-09-16','17');
INSERT INTO leerling
(ll_nr,achternaam,voornaam,woonplaats,geboorte_datum,klas_nr) VALUES
('2498','Little','Silas','Evansville','1993-09-15','10');
INSERT INTO leerling
(ll_nr,achternaam,voornaam,woonplaats,geboorte_datum,klas_nr) VALUES
('2499','Diaz','Robert','Yakima','1992-01-21','7');
INSERT INTO leerling
(ll_nr,achternaam,voornaam,woonplaats,geboorte_datum,klas_nr) VALUES
('2500','Silva','Roth','Revere','1996-02-09','1');
INSERT INTO leerling
(ll_nr,achternaam,voornaam,woonplaats,geboorte_datum,klas_nr) VALUES
('2501','Daniel','Hunter','Denver','1994-08-19','15');
INSERT INTO leerling
(ll_nr,achternaam,voornaam,woonplaats,geboorte_datum,klas_nr) VALUES
('2502','Ward','Adara','Columbia','1992-10-11','1');
INSERT INTO leerling
(ll_nr,achternaam,voornaam,woonplaats,geboorte_datum,klas_nr) VALUES
('2503','Hopper','Seth','Stamford','1994-06-08','24');
INSERT INTO leerling
(ll_nr,achternaam,voornaam,woonplaats,geboorte_datum,klas_nr) VALUES
('2504','Meadows','Nadine','Toledo','1994-09-27','24');
INSERT INTO leerling
(ll_nr,achternaam,voornaam,woonplaats,geboorte_datum,klas_nr) VALUES
('2505','Ward','Kylee','Fulton','1992-12-31','15');
INSERT INTO leerling
(ll_nr,achternaam,voornaam,woonplaats,geboorte_datum,klas_nr) VALUES
('2506','Higgins','Liberty','Santa Ana','1994-11-30','20');
INSERT INTO leerling
(ll_nr,achternaam,voornaam,woonplaats,geboorte_datum,klas_nr) VALUES
('2507','Hendrix','Reese','Temple City','1993-01-14','8');
INSERT INTO leerling
(ll_nr,achternaam,voornaam,woonplaats,geboorte_datum,klas_nr) VALUES
('2508','Mcpherson','Malachi','Evansville','1995-12-23','25');
INSERT INTO leerling
(ll_nr,achternaam,voornaam,woonplaats,geboorte_datum,klas_nr) VALUES
('2509','Barton','Kai','Gadsden','1995-02-26','30');
INSERT INTO leerling
(ll_nr,achternaam,voornaam,woonplaats,geboorte_datum,klas_nr) VALUES
('2510','Landry','Kaden','Ypsilanti','1993-08-23','29');
INSERT INTO leerling
(ll_nr,achternaam,voornaam,woonplaats,geboorte_datum,klas_nr) VALUES
('2511','Good','Sierra','Rockville','1992-06-27','29');
INSERT INTO leerling
(ll_nr,achternaam,voornaam,woonplaats,geboorte_datum,klas_nr) VALUES
('2512','Lowe','Maxwell','Racine','1995-12-24','15');
INSERT INTO leerling
(ll_nr,achternaam,voornaam,woonplaats,geboorte_datum,klas_nr) VALUES
('2513','Curry','Amir','Wheaton','1994-10-31','20');
INSERT INTO leerling
(ll_nr,achternaam,voornaam,woonplaats,geboorte_datum,klas_nr) VALUES
('2514','Morrow','Quintessa','Florence','1996-12-07','2');
INSERT INTO leerling
(ll_nr,achternaam,voornaam,woonplaats,geboorte_datum,klas_nr) VALUES
('2515','Marsh','Chantale','Fort Worth','1994-02-15','6');
INSERT INTO leerling
(ll_nr,achternaam,voornaam,woonplaats,geboorte_datum,klas_nr) VALUES
('2516','Sanford','Len','Aguadilla','1993-05-24','26');
INSERT INTO leerling
(ll_nr,achternaam,voornaam,woonplaats,geboorte_datum,klas_nr) VALUES
('2517','Brady','Fleur','South Portland','1992-08-22','19');
INSERT INTO leerling
(ll_nr,achternaam,voornaam,woonplaats,geboorte_datum,klas_nr) VALUES
('2518','Shaffer','Shaine','Mission Viejo','1994-08-09','6');
INSERT INTO leerling
(ll_nr,achternaam,voornaam,woonplaats,geboorte_datum,klas_nr) VALUES
('2519','Parrish','Francis','Cedar Rapids','1995-07-11','8');
INSERT INTO leerling
(ll_nr,achternaam,voornaam,woonplaats,geboorte_datum,klas_nr) VALUES
('2520','Wong','Stone','Rapid City','1995-02-08','7');
INSERT INTO leerling
(ll_nr,achternaam,voornaam,woonplaats,geboorte_datum,klas_nr) VALUES
('2521','Vega','Nicole','Sister Bay','1995-02-13','18');
INSERT INTO leerling
(ll_nr,achternaam,voornaam,woonplaats,geboorte_datum,klas_nr) VALUES
('2522','Jensen','Buckminster','Newcastle','1992-01-15','2');
INSERT INTO leerling
(ll_nr,achternaam,voornaam,woonplaats,geboorte_datum,klas_nr) VALUES
('2523','Fulton','Venus','Dalton','1994-02-07','5');
INSERT INTO leerling
(ll_nr,achternaam,voornaam,woonplaats,geboorte_datum,klas_nr) VALUES
('2524','Lara','Connor','Yorba Linda','1995-04-12','19');
INSERT INTO leerling
(ll_nr,achternaam,voornaam,woonplaats,geboorte_datum,klas_nr) VALUES
('2525','Love','Seth','Delta Junction','1993-10-28','12');
INSERT INTO leerling
(ll_nr,achternaam,voornaam,woonplaats,geboorte_datum,klas_nr) VALUES
('2526','Ortega','Rhiannon','Miami Gardens','1994-03-15','12');
INSERT INTO leerling
(ll_nr,achternaam,voornaam,woonplaats,geboorte_datum,klas_nr) VALUES
('2527','Byrd','Nigel','North Tonawanda','1996-12-09','4');
INSERT INTO leerling
(ll_nr,achternaam,voornaam,woonplaats,geboorte_datum,klas_nr) VALUES
('2528','Mccarty','Harding','Fremont','1994-07-15','16');
INSERT INTO leerling
(ll_nr,achternaam,voornaam,woonplaats,geboorte_datum,klas_nr) VALUES
('2529','Bowers','Cameran','Benton Harbor','1993-06-23','17');
INSERT INTO leerling
(ll_nr,achternaam,voornaam,woonplaats,geboorte_datum,klas_nr) VALUES
('2530','Fisher','Nichole','Nanticoke','1992-05-12','19');
INSERT INTO leerling
(ll_nr,achternaam,voornaam,woonplaats,geboorte_datum,klas_nr) VALUES
('2531','Mooney','Ross','Reedsport','1994-10-14','5');
INSERT INTO leerling
(ll_nr,achternaam,voornaam,woonplaats,geboorte_datum,klas_nr) VALUES
('2532','Barker','Otto','Saint Cloud','1996-08-13','18');
INSERT INTO leerling
(ll_nr,achternaam,voornaam,woonplaats,geboorte_datum,klas_nr) VALUES
('2533','Mccarthy','Abel','West Memphis','1995-11-28','9');
INSERT INTO leerling
(ll_nr,achternaam,voornaam,woonplaats,geboorte_datum,klas_nr) VALUES
('2534','Ruiz','Kaseem','Orlando','1996-01-14','28');
INSERT INTO leerling
(ll_nr,achternaam,voornaam,woonplaats,geboorte_datum,klas_nr) VALUES
('2535','Davenport','Evelyn','Atwater','1993-07-04','25');
INSERT INTO leerling
(ll_nr,achternaam,voornaam,woonplaats,geboorte_datum,klas_nr) VALUES
('2536','Osborn','Glenna','Fredericksburg','1992-11-05','24');
INSERT INTO leerling
(ll_nr,achternaam,voornaam,woonplaats,geboorte_datum,klas_nr) VALUES
('2537','Knox','Hayfa','Goose Creek','1995-07-08','25');
INSERT INTO leerling
(ll_nr,achternaam,voornaam,woonplaats,geboorte_datum,klas_nr) VALUES
('2538','Bradshaw','Wade','Independence','1992-05-31','22');
INSERT INTO leerling
(ll_nr,achternaam,voornaam,woonplaats,geboorte_datum,klas_nr) VALUES
('2539','Reyes','Cameran','Thibodaux','1992-12-31','24');
INSERT INTO leerling
(ll_nr,achternaam,voornaam,woonplaats,geboorte_datum,klas_nr) VALUES
('2540','Sweet','Melodie','Hayward','1996-01-11','15');
INSERT INTO leerling
(ll_nr,achternaam,voornaam,woonplaats,geboorte_datum,klas_nr) VALUES
('2541','Nichols','Gage','Redondo Beach','1995-10-12','15');
INSERT INTO leerling
(ll_nr,achternaam,voornaam,woonplaats,geboorte_datum,klas_nr) VALUES
('2542','Small','Hollee','Hot Springs','1991-12-11','3');
INSERT INTO leerling
(ll_nr,achternaam,voornaam,woonplaats,geboorte_datum,klas_nr) VALUES
('2543','Perez','Isabella','Temecula','1993-11-28','13');
INSERT INTO leerling
(ll_nr,achternaam,voornaam,woonplaats,geboorte_datum,klas_nr) VALUES
('2544','Roy','Chloe','Columbus','1992-04-16','10');


CREATE TABLE klas (
  klas_nr MEDIUMINT NOT NULL,
  sectie varchar(255) NOT NULL,
  jaar smallint NOT NULL,
  PRIMARY KEY (`klas_nr`)
);


INSERT INTO klas (klas_nr,sectie,jaar) VALUES ('1','havo','1');
INSERT INTO klas (klas_nr,sectie,jaar) VALUES ('2','havo','2');
INSERT INTO klas (klas_nr,sectie,jaar) VALUES ('3','havo','1');
INSERT INTO klas (klas_nr,sectie,jaar) VALUES ('4','vwo','4');
INSERT INTO klas (klas_nr,sectie,jaar) VALUES ('5','vmbo-t','2');
INSERT INTO klas (klas_nr,sectie,jaar) VALUES ('6','vmbo-t','1');
INSERT INTO klas (klas_nr,sectie,jaar) VALUES ('7','vmbo-t','3');
INSERT INTO klas (klas_nr,sectie,jaar) VALUES ('8','havo','1');
INSERT INTO klas (klas_nr,sectie,jaar) VALUES ('9','havo','5');
INSERT INTO klas (klas_nr,sectie,jaar) VALUES ('10','havo','5');
INSERT INTO klas (klas_nr,sectie,jaar) VALUES ('11','vmbo-t','2');
INSERT INTO klas (klas_nr,sectie,jaar) VALUES ('12','vmbo-t','3');
INSERT INTO klas (klas_nr,sectie,jaar) VALUES ('13','vmbo-t','3');
INSERT INTO klas (klas_nr,sectie,jaar) VALUES ('14','havo','6');
INSERT INTO klas (klas_nr,sectie,jaar) VALUES ('15','vmbo-t','5');
INSERT INTO klas (klas_nr,sectie,jaar) VALUES ('16','vwo','2');
INSERT INTO klas (klas_nr,sectie,jaar) VALUES ('17','vmbo-t','6');
INSERT INTO klas (klas_nr,sectie,jaar) VALUES ('18','vwo','1');
INSERT INTO klas (klas_nr,sectie,jaar) VALUES ('19','havo','1');
INSERT INTO klas (klas_nr,sectie,jaar) VALUES ('20','havo','4');
INSERT INTO klas (klas_nr,sectie,jaar) VALUES ('21','vmbo-t','3');
INSERT INTO klas (klas_nr,sectie,jaar) VALUES ('22','havo','2');
INSERT INTO klas (klas_nr,sectie,jaar) VALUES ('23','vmbo-t','6');
INSERT INTO klas (klas_nr,sectie,jaar) VALUES ('24','vwo','6');
INSERT INTO klas (klas_nr,sectie,jaar) VALUES ('25','havo','3');
INSERT INTO klas (klas_nr,sectie,jaar) VALUES ('26','vmbo-t','5');
INSERT INTO klas (klas_nr,sectie,jaar) VALUES ('27','havo','5');
INSERT INTO klas (klas_nr,sectie,jaar) VALUES ('28','havo','3');
INSERT INTO klas (klas_nr,sectie,jaar) VALUES ('29','vmbo-t','5');
INSERT INTO klas (klas_nr,sectie,jaar) VALUES ('30','vmbo-t','1');

CREATE TABLE docent (
  naam varchar(255) NOT NULL,
  woonplaats varchar(50) NOT NULL,
  geboorte_datum date NOT NULL,
  bevoegdheid SMALLINT NOT NULL,
  vak varchar(255) NOT NULL,
  klas_nr SMALLINT NULL,
  PRIMARY KEY (`naam`,`geboorte_datum`)
);

INSERT INTO docent (naam,woonplaats,geboorte_datum,bevoegdheid,vak,klas_nr)
VALUES ('Marshall, Jerry J.','Kingston','1983-04-09','1','','27');
INSERT INTO docent (naam,woonplaats,geboorte_datum,bevoegdheid,vak,klas_nr)
VALUES ('Eaton, Abdul L.','Half Moon Bay','1953-04-18','2','SC, IK','3');
INSERT INTO docent (naam,woonplaats,geboorte_datum,bevoegdheid,vak,klas_nr)
VALUES ('Roberson, Ocean J.','Claremont','1974-01-09','1','','19');
INSERT INTO docent (naam,woonplaats,geboorte_datum,bevoegdheid,vak,klas_nr)
VALUES ('Guthrie, Dawn K.','Myrtle Beach','1966-01-05','2','NA, GR','15');
INSERT INTO docent (naam,woonplaats,geboorte_datum,bevoegdheid,vak,klas_nr)
VALUES ('Morales, Odette V.','Brooklyn Park','1981-10-03','1','WC','18');
INSERT INTO docent (naam,woonplaats,geboorte_datum,bevoegdheid,vak,klas_nr)
VALUES ('Levine, Zeph F.','Simi Valley','1988-03-03','2','WC','12');
INSERT INTO docent (naam,woonplaats,geboorte_datum,bevoegdheid,vak,klas_nr)
VALUES ('Nash, Demetria X.','Lakewood','1975-01-16','1','LA, NE','14');
INSERT INTO docent (naam,woonplaats,geboorte_datum,bevoegdheid,vak,klas_nr)
VALUES ('Parsons, Fiona D.','Davis','1947-11-06','1','LO, IN','18');
INSERT INTO docent (naam,woonplaats,geboorte_datum,bevoegdheid,vak,klas_nr)
VALUES ('Salas, Suki H.','York','1960-06-02','1','IN','7');
INSERT INTO docent (naam,woonplaats,geboorte_datum,bevoegdheid,vak,klas_nr)
VALUES ('Whitley, Thomas A.','Corvallis','1965-08-05','2','','11');
INSERT INTO docent (naam,woonplaats,geboorte_datum,bevoegdheid,vak,klas_nr)
VALUES ('Schmidt, Abigail I.','Attleboro','1981-12-22','1','MA','8');
INSERT INTO docent (naam,woonplaats,geboorte_datum,bevoegdheid,vak,klas_nr)
VALUES ('Whitehead, Price C.','Berkeley','1965-09-30','1','','9');
INSERT INTO docent (naam,woonplaats,geboorte_datum,bevoegdheid,vak,klas_nr)
VALUES ('Osborn, Raphael G.','Sugar Land','1950-01-01','2','MO','11');
INSERT INTO docent (naam,woonplaats,geboorte_datum,bevoegdheid,vak,klas_nr)
VALUES ('Duke, Catherine A.','Joplin','1981-02-21','1','LA, WD, SC','1');
INSERT INTO docent (naam,woonplaats,geboorte_datum,bevoegdheid,vak,klas_nr)
VALUES ('Lucas, Chandler H.','Cranston','1960-02-29','2','EC','19');
INSERT INTO docent (naam,woonplaats,geboorte_datum,bevoegdheid,vak,klas_nr)
VALUES ('Sharp, Price E.','Ashland','1967-09-03','1','','10');
INSERT INTO docent (naam,woonplaats,geboorte_datum,bevoegdheid,vak,klas_nr)
VALUES ('Morin, Shafira D.','Akron','1981-04-13','2','','8');
INSERT INTO docent (naam,woonplaats,geboorte_datum,bevoegdheid,vak,klas_nr)
VALUES ('Mckay, Jessamine X.','New Haven','1967-11-24','2','MO, WA','2');
INSERT INTO docent (naam,woonplaats,geboorte_datum,bevoegdheid,vak,klas_nr)
VALUES ('Williamson, Miranda Q.','Milford','1970-09-24','2','MA','20');
INSERT INTO docent (naam,woonplaats,geboorte_datum,bevoegdheid,vak,klas_nr)
VALUES ('Shaffer, Carlos P.','Scarborough','1979-07-30','1','','8');
INSERT INTO docent (naam,woonplaats,geboorte_datum,bevoegdheid,vak,klas_nr)
VALUES ('Monroe, Kirestin B.','Christiansted','1967-10-27','1','MA','29');
INSERT INTO docent (naam,woonplaats,geboorte_datum,bevoegdheid,vak,klas_nr)
VALUES ('Justice, Sopoline O.','Waterbury','1977-05-17','2','','16');
INSERT INTO docent (naam,woonplaats,geboorte_datum,bevoegdheid,vak,klas_nr)
VALUES ('Dickson, Daria Z.','Scottsdale','1983-11-30','1','GS, SP','16');
INSERT INTO docent (naam,woonplaats,geboorte_datum,bevoegdheid,vak,klas_nr)
VALUES ('Bryan, Bevis T.','Boston','1971-03-08','2','MA, IK, GR','14');
INSERT INTO docent (naam,woonplaats,geboorte_datum,bevoegdheid,vak,klas_nr)
VALUES ('Copeland, Chandler O.','Watervliet','1973-04-18','1','AK, GR','1');
INSERT INTO docent (naam,woonplaats,geboorte_datum,bevoegdheid,vak,klas_nr)
VALUES ('Mcbride, Xantha G.','McAllen','1952-06-18','2','IN, LA','11');
INSERT INTO docent (naam,woonplaats,geboorte_datum,bevoegdheid,vak,klas_nr)
VALUES ('Yates, Christian Y.','Johnstown','1987-05-15','2','EC','20');
INSERT INTO docent (naam,woonplaats,geboorte_datum,bevoegdheid,vak,klas_nr)
VALUES ('Puckett, Kelsey Q.','Lancaster','1959-03-23','1','','9');
INSERT INTO docent (naam,woonplaats,geboorte_datum,bevoegdheid,vak,klas_nr)
VALUES ('Faulkner, Madeson A.','El Monte','1986-12-20','2','','24');
INSERT INTO docent (naam,woonplaats,geboorte_datum,bevoegdheid,vak,klas_nr)
VALUES ('Cote, Lance B.','Moreno Valley','1978-04-21','1','WB, LO, WA','21');
INSERT INTO docent (naam,woonplaats,geboorte_datum,bevoegdheid,vak,klas_nr)
VALUES ('Stout, Griffin X.','Iowa City','1969-01-23','1','BI','16');
INSERT INTO docent (naam,woonplaats,geboorte_datum,bevoegdheid,vak,klas_nr)
VALUES ('Martinez, Peter J.','North Tonawanda','1987-05-11','2','FA, MA,
MU','15');
INSERT INTO docent (naam,woonplaats,geboorte_datum,bevoegdheid,vak,klas_nr)
VALUES ('Banks, Cleo B.','Moultrie','1974-04-12','2','','4');
INSERT INTO docent (naam,woonplaats,geboorte_datum,bevoegdheid,vak,klas_nr)
VALUES ('Wolf, Murphy E.','Quincy','1983-02-25','2','SC, EN, LA','13');
INSERT INTO docent (naam,woonplaats,geboorte_datum,bevoegdheid,vak,klas_nr)
VALUES ('Bean, Lacey K.','Pulaski','1957-09-01','2','MO, FI, DU','4');
INSERT INTO docent (naam,woonplaats,geboorte_datum,bevoegdheid,vak,klas_nr)
VALUES ('Villarreal, Arthur E.','Kokomo','1985-12-11','2','WB, EC, MU','15');
INSERT INTO docent (naam,woonplaats,geboorte_datum,bevoegdheid,vak,klas_nr)
VALUES ('Frank, Asher K.','Detroit','1973-07-13','2','','17');
INSERT INTO docent (naam,woonplaats,geboorte_datum,bevoegdheid,vak,klas_nr)
VALUES ('Marshall, Iona W.','Signal Hill','1963-12-18','2','FA, WD','8');
INSERT INTO docent (naam,woonplaats,geboorte_datum,bevoegdheid,vak,klas_nr)
VALUES ('Hunt, Christine U.','Barre','1949-07-25','1','DU, IN','30');
INSERT INTO docent (naam,woonplaats,geboorte_datum,bevoegdheid,vak,klas_nr)
VALUES ('Mitchell, Addison L.','Santa Fe','1960-11-20','2','GR, SC','11');
INSERT INTO docent (naam,woonplaats,geboorte_datum,bevoegdheid,vak,klas_nr)
VALUES ('Wilkinson, Hamish Z.','Saukville','1986-09-07','2','DU, WD','19');
INSERT INTO docent (naam,woonplaats,geboorte_datum,bevoegdheid,vak,klas_nr)
VALUES ('Morales, Bert P.','Bessemer','1962-09-05','1','WC','13');
INSERT INTO docent (naam,woonplaats,geboorte_datum,bevoegdheid,vak,klas_nr)
VALUES ('Phillips, Echo B.','Tamuning','1953-11-24','2','NE, DU','12');
INSERT INTO docent (naam,woonplaats,geboorte_datum,bevoegdheid,vak,klas_nr)
VALUES ('Villarreal, Galena C.','Holyoke','1980-01-26','2','FA, AK, SP','3');
INSERT INTO docent (naam,woonplaats,geboorte_datum,bevoegdheid,vak,klas_nr)
VALUES ('Bender, Rigel A.','Truth or Consequences','1950-07-03','1','WB, MO,
WD','8');
INSERT INTO docent (naam,woonplaats,geboorte_datum,bevoegdheid,vak,klas_nr)
VALUES ('Franklin, Gavin I.','Gulfport','1984-04-02','1','BI, SP, LO','4');
INSERT INTO docent (naam,woonplaats,geboorte_datum,bevoegdheid,vak,klas_nr)
VALUES ('Stout, Hedy L.','Port Huron','1959-09-15','1','AK, BI','28');
INSERT INTO docent (naam,woonplaats,geboorte_datum,bevoegdheid,vak,klas_nr)
VALUES ('Lewis, Jordan U.','Vicksburg','1970-02-11','1','','21');
INSERT INTO docent (naam,woonplaats,geboorte_datum,bevoegdheid,vak,klas_nr)
VALUES ('Burris, Yuli F.','Rolla','1963-05-23','1','WD','11');
INSERT INTO docent (naam,woonplaats,geboorte_datum,bevoegdheid,vak,klas_nr)
VALUES ('Wall, Aline M.','Effingham','1957-03-22','2','SP, AK','1');
INSERT INTO docent (naam,woonplaats,geboorte_datum,bevoegdheid,vak,klas_nr)
VALUES ('Preston, Wing Z.','Jersey City','1966-02-26','2','WB, BI','30');
INSERT INTO docent (naam,woonplaats,geboorte_datum,bevoegdheid,vak,klas_nr)
VALUES ('Guzman, Adena S.','Williamsport','1967-09-11','2','NA, SC','30');
INSERT INTO docent (naam,woonplaats,geboorte_datum,bevoegdheid,vak,klas_nr)
VALUES ('Durham, Raven I.','Los Angeles','1980-01-22','1','','9');
INSERT INTO docent (naam,woonplaats,geboorte_datum,bevoegdheid,vak,klas_nr)
VALUES ('Lester, Lareina N.','Vail','1949-07-12','1','GS, MU, NE','1');
INSERT INTO docent (naam,woonplaats,geboorte_datum,bevoegdheid,vak,klas_nr)
VALUES ('Acevedo, Kim O.','Bethany','1987-04-03','2','MA, WB','4');
INSERT INTO docent (naam,woonplaats,geboorte_datum,bevoegdheid,vak,klas_nr)
VALUES ('Ramos, Travis C.','La Mirada','1958-07-10','2','','20');
INSERT INTO docent (naam,woonplaats,geboorte_datum,bevoegdheid,vak,klas_nr)
VALUES ('Gray, Sasha K.','Waukegan','1956-08-23','2','','27');
INSERT INTO docent (naam,woonplaats,geboorte_datum,bevoegdheid,vak,klas_nr)
VALUES ('Sullivan, Odette G.','Brown Deer','1971-02-03','2','','5');
INSERT INTO docent (naam,woonplaats,geboorte_datum,bevoegdheid,vak,klas_nr)
VALUES ('Blackburn, Sheila B.','Bradbury','1951-12-13','1','WD, FA, WB','11');
INSERT INTO docent (naam,woonplaats,geboorte_datum,bevoegdheid,vak,klas_nr)
VALUES ('Burch, Cheyenne K.','Downey','1985-11-10','1','DU, WA','2');
INSERT INTO docent (naam,woonplaats,geboorte_datum,bevoegdheid,vak,klas_nr)
VALUES ('Mooney, Ayanna E.','Lima','1950-08-23','2','WB','5');
INSERT INTO docent (naam,woonplaats,geboorte_datum,bevoegdheid,vak,klas_nr)
VALUES ('Chan, Martha U.','Santa Ana','1954-02-04','2','MU, WB','17');
INSERT INTO docent (naam,woonplaats,geboorte_datum,bevoegdheid,vak,klas_nr)
VALUES ('Hoover, Isaac S.','Del Rio','1946-05-22','1','SC','27');
INSERT INTO docent (naam,woonplaats,geboorte_datum,bevoegdheid,vak,klas_nr)
VALUES ('Rodriquez, Cooper I.','Ventura','1973-03-27','1','WC, MA','22');
INSERT INTO docent (naam,woonplaats,geboorte_datum,bevoegdheid,vak,klas_nr)
VALUES ('Nixon, Melodie N.','Wilkes-Barre','1951-03-25','2','GR, MO','14');
INSERT INTO docent (naam,woonplaats,geboorte_datum,bevoegdheid,vak,klas_nr)
VALUES ('Soto, Risa D.','Fountain Valley','1965-03-26','2','MO, LO','10');
INSERT INTO docent (naam,woonplaats,geboorte_datum,bevoegdheid,vak,klas_nr)
VALUES ('Charles, Andrew E.','Clovis','1967-08-14','1','','26');
INSERT INTO docent (naam,woonplaats,geboorte_datum,bevoegdheid,vak,klas_nr)
VALUES ('Fitzgerald, Jade A.','Norman','1975-10-31','1','AK','21');
INSERT INTO docent (naam,woonplaats,geboorte_datum,bevoegdheid,vak,klas_nr)
VALUES ('Harrington, Wyoming Z.','White Plains','1980-10-20','1','WA','8');
INSERT INTO docent (naam,woonplaats,geboorte_datum,bevoegdheid,vak,klas_nr)
VALUES ('Campos, Cheyenne Q.','Cheyenne','1946-03-03','1','EC, SP','26');
INSERT INTO docent (naam,woonplaats,geboorte_datum,bevoegdheid,vak,klas_nr)
VALUES ('Johns, Willow Z.','Muncie','1968-10-06','2','','23');
INSERT INTO docent (naam,woonplaats,geboorte_datum,bevoegdheid,vak,klas_nr)
VALUES ('Swanson, Fitzgerald G.','Fort Lauderdale','1985-03-05','1','DU, NA,
EN','2');
INSERT INTO docent (naam,woonplaats,geboorte_datum,bevoegdheid,vak,klas_nr)
VALUES ('Kennedy, Signe Y.','Bloomington','1956-11-24','2','NE','22');
INSERT INTO docent (naam,woonplaats,geboorte_datum,bevoegdheid,vak,klas_nr)
VALUES ('Griffith, Leslie F.','Manhattan Beach','1959-09-25','1','','22');
INSERT INTO docent (naam,woonplaats,geboorte_datum,bevoegdheid,vak,klas_nr)
VALUES ('Bolton, Illana B.','Newport','1975-06-10','2','SP, NE','8');
INSERT INTO docent (naam,woonplaats,geboorte_datum,bevoegdheid,vak,klas_nr)
VALUES ('Jones, Demetria I.','Gardner','1980-10-17','1','DU, WB, EC','7');
INSERT INTO docent (naam,woonplaats,geboorte_datum,bevoegdheid,vak,klas_nr)
VALUES ('Knowles, Igor S.','Rock Springs','1948-05-24','2','AK, SC, IN','7');
INSERT INTO docent (naam,woonplaats,geboorte_datum,bevoegdheid,vak,klas_nr)
VALUES ('Mccullough, Lacota T.','El Monte','1975-05-20','1','FI, NE','1');
INSERT INTO docent (naam,woonplaats,geboorte_datum,bevoegdheid,vak,klas_nr)
VALUES ('Mcpherson, Channing P.','Ventura','1959-06-26','2','WA, BI,
LO','22');
INSERT INTO docent (naam,woonplaats,geboorte_datum,bevoegdheid,vak,klas_nr)
VALUES ('Hoover, Charles I.','Saint Paul','1981-06-11','1','','12');
INSERT INTO docent (naam,woonplaats,geboorte_datum,bevoegdheid,vak,klas_nr)
VALUES ('Owens, Victoria V.','Eau Claire','1969-12-18','1','','10');
INSERT INTO docent (naam,woonplaats,geboorte_datum,bevoegdheid,vak,klas_nr)
VALUES ('Blake, Scott A.','Olean','1969-03-09','1','DU','5');
INSERT INTO docent (naam,woonplaats,geboorte_datum,bevoegdheid,vak,klas_nr)
VALUES ('Bowman, Justina F.','Logan','1947-08-05','2','MO, LA','20');
INSERT INTO docent (naam,woonplaats,geboorte_datum,bevoegdheid,vak,klas_nr)
VALUES ('Summers, Kelly T.','Roanoke','1979-03-24','1','LA','6');
INSERT INTO docent (naam,woonplaats,geboorte_datum,bevoegdheid,vak,klas_nr)
VALUES ('Stephenson, Neville B.','Jonesboro','1977-12-27','2','WC','28');
INSERT INTO docent (naam,woonplaats,geboorte_datum,bevoegdheid,vak,klas_nr)
VALUES ('Bell, Jael U.','Lynwood','1953-08-18','1','MO','10');
INSERT INTO docent (naam,woonplaats,geboorte_datum,bevoegdheid,vak,klas_nr)
VALUES ('Baldwin, Lacota J.','Grambling','1988-04-22','2','BI, MU, SP','3');
INSERT INTO docent (naam,woonplaats,geboorte_datum,bevoegdheid,vak,klas_nr)
VALUES ('Spencer, Gisela C.','Rancho Palos Verdes','1957-01-13','1','WA,
AK','20');
INSERT INTO docent (naam,woonplaats,geboorte_datum,bevoegdheid,vak,klas_nr)
VALUES ('Cervantes, Michelle N.','San Clemente','1978-04-06','2','FI,
SP','10');
INSERT INTO docent (naam,woonplaats,geboorte_datum,bevoegdheid,vak,klas_nr)
VALUES ('Neal, Lucas M.','Burbank','1972-04-08','1','SC','9');
INSERT INTO docent (naam,woonplaats,geboorte_datum,bevoegdheid,vak,klas_nr)
VALUES ('Castaneda, Iris Y.','Vail','1985-07-03','1','WC','2');
INSERT INTO docent (naam,woonplaats,geboorte_datum,bevoegdheid,vak,klas_nr)
VALUES ('Silva, Pascale E.','Parker','1955-09-03','2','NE','9');
INSERT INTO docent (naam,woonplaats,geboorte_datum,bevoegdheid,vak,klas_nr)
VALUES ('Miller, Tad D.','Bend','1979-09-12','1','GS, SP, NE','15');
INSERT INTO docent (naam,woonplaats,geboorte_datum,bevoegdheid,vak,klas_nr)
VALUES ('Pate, Griffin C.','Lock Haven','1956-07-04','2','NE','16');
INSERT INTO docent (naam,woonplaats,geboorte_datum,bevoegdheid,vak,klas_nr)
VALUES ('Compton, Janna F.','Minot','1966-04-20','2','BI, WD, EC','3');
INSERT INTO docent (naam,woonplaats,geboorte_datum,bevoegdheid,vak,klas_nr)
VALUES ('Leon, Natalie H.','Tuscaloosa','1980-04-16','1','FI, SC, IK','29');
INSERT INTO docent (naam,woonplaats,geboorte_datum,bevoegdheid,vak,klas_nr)
VALUES ('Melendez, Hedley M.','Palm Springs','1960-06-24','2','BI, NA','25');
INSERT INTO docent (naam,woonplaats,geboorte_datum,bevoegdheid,vak,klas_nr)
VALUES ('Contreras, Bertha L.','Mount Pleasant','1961-10-13','2','FA, BI,
DU','22');
INSERT INTO docent (naam,woonplaats,geboorte_datum,bevoegdheid,vak,klas_nr)
VALUES ('Hart, Ferris X.','Rocky Mount','1946-08-22','2','IN, WB, MA','30');
INSERT INTO docent (naam,woonplaats,geboorte_datum,bevoegdheid,vak,klas_nr)
VALUES ('Pugh, Unity J.','Sedalia','1966-04-24','2','NE','30');
