-- phpMyAdmin SQL Dump
-- version 3.2.4
-- http://www.phpmyadmin.net
--
-- Host: localhost
-- Generation Time: Jan 05, 2011 at 01:45 PM
-- Server version: 5.1.41
-- PHP Version: 5.3.1

SET SQL_MODE="NO_AUTO_VALUE_ON_ZERO";


/*!40101 SET @OLD_CHARACTER_SET_CLIENT=@@CHARACTER_SET_CLIENT */;
/*!40101 SET @OLD_CHARACTER_SET_RESULTS=@@CHARACTER_SET_RESULTS */;
/*!40101 SET @OLD_COLLATION_CONNECTION=@@COLLATION_CONNECTION */;
/*!40101 SET NAMES utf8 */;

--
-- Database: `carnavalsoptocht`
--
CREATE DATABASE `carnavalsoptocht` DEFAULT CHARACTER SET latin1 COLLATE latin1_swedish_ci;
USE `carnavalsoptocht`;

-- --------------------------------------------------------

--
-- Table structure for table `beoordeeld_door`
--

CREATE TABLE IF NOT EXISTS `beoordeeld_door` (
  `creatie_nr` int(11) NOT NULL,
  `jurylid_nr` int(11) NOT NULL,
  `punten` int(11) NOT NULL,
  `opmerkingen` text,
  PRIMARY KEY (`creatie_nr`,`jurylid_nr`)
) ENGINE=MyISAM DEFAULT CHARSET=latin1;

--
-- Dumping data for table `beoordeeld_door`
--

INSERT INTO `beoordeeld_door` (`creatie_nr`, `jurylid_nr`, `punten`, `opmerkingen`) VALUES
(11453, 23, 9, 'Leuk concept, nette afwerking, uitvoering kan beter'),
(11453, 45, 8, 'Goed; thema niet actueel'),
(11453, 2, 9, ''),
(23, 234, 6, 'Niet origineel, goed uitgewerkt'),
(23, 2, 4, 'Niet waard mee te doen!'),
(12345, 45, 8, ''),
(12345, 23, 7, ''),
(12345, 234, 7, 'Erg leuk, afwerking onder de maat');

-- --------------------------------------------------------

--
-- Table structure for table `creatie`
--

CREATE TABLE IF NOT EXISTS `creatie` (
  `creatie_nr` int(11) NOT NULL,
  `deelnemer_nr` int(11) NOT NULL,
  `titel` varchar(250) NOT NULL,
  `jaar` year(4) NOT NULL,
  `categorie` enum('individueel','wagen','loopgroep') NOT NULL,
  `punten_publieksprijs` int(11) DEFAULT NULL,
  `plaats` int(11) DEFAULT NULL,
  `inleggeld_betaald` tinyint(1) NOT NULL,
  PRIMARY KEY (`creatie_nr`)
) ENGINE=MyISAM DEFAULT CHARSET=latin1;

--
-- Dumping data for table `creatie`
--

INSERT INTO `creatie` (`creatie_nr`, `deelnemer_nr`, `titel`, `jaar`, `categorie`, `punten_publieksprijs`, `plaats`, `inleggeld_betaald`) VALUES
(23, 5, 'Kiek us noar ut kieken', 2009, 'individueel', 345, 14, 0),
(436, 45, 'Ene torren op m''n dak', 2010, 'individueel', 0, 0, 0),
(11453, 11, 'Paradi B(r)ouwersgildi', 2009, 'wagen', 1058, 1, 0),
(12345, 25, 'Miroakel gekoakel', 1995, 'wagen', 997, 3, 0),
(23488, 198, 'Das roar', 2010, 'loopgroep', 0, 0, 0),
(134789, 45, 'Op menne ezel zitte goed', 2004, 'individueel', 66, 16, 0),
(234512, 34, 'We jassen d''m', 2010, 'wagen', 0, 0, 0);

-- --------------------------------------------------------

--
-- Table structure for table `deelnemer`
--

CREATE TABLE IF NOT EXISTS `deelnemer` (
  `deelnemer_nr` int(11) NOT NULL,
  `naam` varchar(50) NOT NULL,
  `woonplaats` varchar(50) NOT NULL,
  `soort` enum('individueel','groep','cv','groep-klein') NOT NULL,
  PRIMARY KEY (`deelnemer_nr`)
) ENGINE=MyISAM DEFAULT CHARSET=latin1;

--
-- Dumping data for table `deelnemer`
--

INSERT INTO `deelnemer` (`deelnemer_nr`, `naam`, `woonplaats`, `soort`) VALUES
(5, 'Harm Swaanen', 'Hoogelooon', 'individueel'),
(11, 'JV ''t B(r)ouwersgilde', 'Reusel', 'groep'),
(25, 'CV de Pintewippers', 'Hapert', 'cv'),
(34, 'Pi-jassen', 'Casteren', 'groep'),
(45, 'Dokter virus', 'Hapert', 'individueel'),
(55, 'Ge kekt mer', 'Hapert', 'cv'),
(198, 'Superhoevver', 'Casteren', 'groep-klein');

-- --------------------------------------------------------

--
-- Table structure for table `jurylid`
--

CREATE TABLE IF NOT EXISTS `jurylid` (
  `jurylid_nr` int(11) NOT NULL,
  `naam` varchar(50) NOT NULL,
  `geboorte_jaar` year(4) NOT NULL,
  `sekse` enum('man','vrouw') NOT NULL,
  `woonplaats` varchar(50) NOT NULL,
  PRIMARY KEY (`jurylid_nr`)
) ENGINE=MyISAM DEFAULT CHARSET=latin1;

--
-- Dumping data for table `jurylid`
--

INSERT INTO `jurylid` (`jurylid_nr`, `naam`, `geboorte_jaar`, `sekse`, `woonplaats`) VALUES
(2, 'Lavrijsen, Jas', 1946, 'man', 'Hapert'),
(23, 'Dirkx, Hannes', 1954, 'man', 'Reusel'),
(45, 'Borne, Miet van der', 1949, 'vrouw', 'Hapert'),
(234, 'Mastboom, Jan', 1966, 'man', 'Casteren');

/*!40101 SET CHARACTER_SET_CLIENT=@OLD_CHARACTER_SET_CLIENT */;
/*!40101 SET CHARACTER_SET_RESULTS=@OLD_CHARACTER_SET_RESULTS */;
/*!40101 SET COLLATION_CONNECTION=@OLD_COLLATION_CONNECTION */;
